 -6*h(m) + l(m). Give v(6).
-5
Let k(r) = -r. Let w(f) = -f. Let g(i) = -5*k(i) + 3*w(i). What is g(-3)?
-6
Let t(w) = -w**2 - 6*w + 3. Let c = 17 + 5. Suppose c = -h + 4*a, 3*a = -0*a + 12. Determine t(h).
3
Let k(z) = -2*z**2 + 9*z - 23. Let u(r) = -3*r**2 + 13*r - 35. Let y be (-6)/5*(-60)/9. Let c(d) = y*k(d) - 5*u(d). Give c(6).
-3
Let g(k) = -k**3 + 2*k**2 + 4*k + 1. Let p be g(3). Let v(i) = -64*i**2 - i + 65*i**2 + 2 - 3*i. Let z be v(p). Let u(a) = a**3 - 3*a**2 + 2*a. What is u(z)?
0
Let o(q) = -6*q - 2 - q**3 + 5 + 3*q**2 + 2*q**2. Suppose 10 - 2 = 2*r. Determine o(r).
-5
Let h(f) = 0*f + 2*f - 5*f**2 - f. Let m be 9/(-6)*(-1 + -1). Suppose -2*y - 3*l - 3 = y, -7 = m*y + 5*l. Determine h(y).
-4
Let f(t) be the second derivative of t**5/20 - t**4/4 - t**3 + t**2/2 - 14*t. Calculate f(4).
-7
Let y = 9 + -4. Let s(j) = 2*j - 5. Let w be s(y). Suppose 3*n = 3*x - 16 - 2, w*n = x - 26. Let v(q) = -q - 5. Give v(n).
0
Suppose -2 = -2*d - 12. Let x(m) = -m**3 - 5*m**2 - m - 2. Calculate x(d).
3
Suppose -8 + 12 = 2*u. Let a(d) be the second derivative of d**2 - 1/12*d**4 + 0 - d + 1/6*d**3. Give a(u).
0
Let g be -5*(2*-1 + 3). Suppose 4*m = 2*o - 4 - 0, 0 = 4*o - m - 1. Let y(w) = 2*w + 0*w + o*w + 6. Give y(g).
-4
Let i(w) = -w**3 - 8*w**2 - 9*w + 2. Suppose -3*s - 31 = -10. Determine i(s).
16
Let p(j) = -j**3 + j**2 + 2. Suppose -6 = 4*b + 2, -v + 5*b = 4. Let x be (-30)/v + (-7)/49. Determine p(x).
-2
Suppose 12 - 6 = 3*j. Let y(a) = 2*a + 2. Give y(j).
6
Suppose 5*m + 8 = -0*u + 4*u, 2*u = -4*m + 4. Let o(b) = -b + 3 - 5*b - b**u + 3*b. Suppose n = -g - 2, 5*n = -0*g - 4*g - 12. Give o(n).
-1
Suppose -n = r - 2, 0*n + 7 = 2*r - n. Let d(h) = -1 + h - 2*h + r*h + 0. What is d(-3)?
-7
Suppose 192 = -2*u + 6*u. Let x(h) = u - h - 48. Calculate x(1).
-1
Let g(r) = -r - 4*r**3 - 5 + 3*r**3 - 585*r**2 + 589*r**2. What is g(4)?
-9
Let j(u) = 4*u + 8*u - 26*u + 11*u. Determine j(-1).
3
Let k(w) = w**3 + 3*w**2 - 3*w - 4. Suppose 1 = 3*j + 13. Determine k(j).
-8
Let w(d) be the second derivative of 8*d + 1/6*d**3 + 0 - 3/2*d**2 + 1/20*d**5 - 1/4*d**4. Give w(3).
0
Let v(p) = 9*p - 8. Let h(n) = n - 1. Let c(y) = -51*h(y) + 6*v(y). Suppose -6*z = -z. Suppose 2 + z = -j. Calculate c(j).
-3
Let g = 4 + 1. Let w(u) be the third derivative of u**5/60 - u**4/4 + u**3/3 - 10*u**2. Give w(g).
-3
Let g(z) = -z + 1. Let y(a) = -4*a + 11. Let t(m) = -5*g(m) + y(m). Calculate t(-9).
-3
Let s = -19 - -16. Let l(w) = -w**2 - 2*w + 2. Let z be l(s). Let m(r) be the second derivative of -4*r**3/3 + r. Determine m(z).
8
Let b = -20 + 21. Let u(l) = 9*l**3 + l**2 + l - 1. Determine u(b).
10
Let d(y) = 2*y + 6. Let s(v) = -v**3 - 4*v**2 + 2*v + 5. Let t be s(-4). Let a = -2 - t. Let w = -4 - a. Determine d(w).
-4
Let b(v) = -1 + 0 - v + 2*v. Let r(p) = -1. Let m(k) = -k**2 + 7*k + 7. Let d be m(8). Let q(h) = d*b(h) - 4*r(h). Calculate q(0).
5
Suppose t + 1 - 2 = 0. Let w(z) = -t - 2*z + z**3 - 11*z**3 + 0*z**3. Let x(b) = b**3 + 16*b**2 - 1. Let s be x(-16). Calculate w(s).
11
Suppose -4*r - 5 = k, 3*r + 15 = 5*k - 2*k. Let w(b) = 3*b - 1. Give w(r).
-7
Let d(u) = -u**3 + 7*u**2 - 5*u - 4. Suppose -3*v + 2*l = -23 - 5, 0 = v + l - 1. What is d(v)?
2
Let f = -53 + 46. Let t(g) = -g**2 - 10*g - 2. What is t(f)?
19
Let y(d) = -d**3 - 2*d**2 - 4. Let h be 81/6 + (-3)/6. Let s = h - 16. Give y(s).
5
Let v = 7 + -5. Suppose x - v = 3. Let h(m) = 4*m**3 - 6*m**2 - 1. Let g(i) = 5*i**3 - 6*i**2 - i - 2. Let a(r) = 3*g(r) - 4*h(r). Calculate a(x).
8
Let t = 72 - 74. Let r(x) = -2*x**3 + 2*x**2 + x + 1. Give r(t).
23
Suppose 0 = -3*c - 2*c + 15. Let t be (-6 - 6)/(c/(-2)). Suppose 2*w + 18 = t. Let h(i) = -i**2 - 5*i + 5. What is h(w)?
5
Let m be (-26)/(-6) - (-4)/6. Let f(n) = n - m + 0*n - 5*n + n**2. Suppose 2*j + 3*s - 10 = 3*j, 0 = -5*s + 25. Give f(j).
0
Let j(n) = -n**3 + 6*n**2 + n - 2. Let t be j(6). Let v(d) = 3*d - 2. Calculate v(t).
10
Let p(a) = 7*a**3 - 6*a**2 - 7*a - 11. Let l(j) = 15*j**3 - 13*j**2 - 15*j - 23. Let h(c) = 6*l(c) - 13*p(c). Give h(0).
5
Let f(j) = -2*j**3 + 7*j**2 + 3*j + 2. Let d(x) = 2*x**3 - 8*x**2 - 4*x - 2. Let n(c) = -4*d(c) - 5*f(c). Calculate n(2).
4
Let m(q) = -8 + 7*q - 20*q - 5*q**2 + 4 - q**3 + 6*q. Give m(-4).
8
Let r = 160 + -158. Let y(z) = -6*z + 3. Determine y(r).
-9
Suppose 0 = 3*r - 2*v + 7, -5*v - 12 - 8 = 5*r. Let h(m) = -96*m + 90*m + 0 - 4. What is h(r)?
14
Let w(m) = -7*m**2 - m. Let k = -109 + 110. Give w(k).
-8
Let h = -44 - -44. Let s(u) = u + 5 - 2 + 4. Give s(h).
7
Let b(a) = 4*a**2 - 3*a. Suppose 0 = -z + 6 - 4. Calculate b(z).
10
Let f(g) = 3*g**3 + g**2 + 2*g - 4. Let k(h) = -5*h**3 - 3*h**2 - 3*h + 7. Let l(a) = 7*f(a) + 4*k(a). What is l(3)?
-12
Let h(r) = -r + 3. Let g(f) = -f**2 - 12*f - 8. Let b be g(-11). What is h(b)?
0
Let x(p) be the second derivative of p**5/20 + p**4/6 + p**3/6 + p**2 + 6*p. Calculate x(-3).
-10
Let a(x) be the second derivative of x**4/12 - 5*x**3/6 + x**2/2 + 2*x. Let u be (-7)/(-14)*(16 + 0). Let b be (u/5)/((-8)/(-20)). What is a(b)?
-3
Let y = 20 + -16. Let w = -7 + 11. Let q(u) = -u**2 - 2 - 3*u - w + 10*u. Give q(y).
6
Let f be (3 - 23/7) + 65/(-91). Let x(h) be the second derivative of 7*h**3/6 + h**2/2 + h. Calculate x(f).
-6
Let c(l) = -l**3 + 11*l**2 + 4. Let n be c(11). Let i(q) be the third derivative of 0 + 1/60*q**5 + 0*q - 1/6*q**4 - q**2 - 2/3*q**3. Calculate i(n).
-4
Let o(l) be the first derivative of -l**4/4 + l**2 - l - 31. Give o(2).
-5
Let p(x) = x**2 - 6*x - 4. Let f be (12/8)/(9/(-6) - -2). What is p(f)?
-13
Let m(n) be the second derivative of 5*n**3/3 + 5*n**2 - 4*n. Let v(r) = 4*r + 4. Let o(j) = 5*m(j) - 12*v(j). Calculate o(4).
10
Let b(d) = 10*d + 4. Let v be (1*6/2)/(-22 - -21). Give b(v).
-26
Let q be (3 + 21/(-6))*-10. Suppose q*y = -13 + 3. Let x(m) = 4*m - 1. Give x(y).
-9
Let n(v) = v**2 - v + 4. Let b be n(0). Suppose -z + w + 0 + 2 = 0, 0 = -3*z + b*w + 9. Let i(p) = 3*p**3 - p**2. What is i(z)?
-4
Let r(z) = -1 - 2*z**2 + 3*z + 5 + 0. Let k be (7/((-7)/(-3)))/1. What is r(k)?
-5
Let j(b) = -8*b**3 - b**2 - 8*b + 4. Let y(v) = -v**3 - v + 1. Let l(m) = -j(m) + 6*y(m). Calculate l(-2).
-14
Let t(l) = l**3 + 5*l**2 - 7*l - 1. Let y be t(-6). Suppose x + y*m + 7 = 0, m + 8 = 4*x + 3*m. Let a(j) = -5*j - 2 - 4*j**2 + x*j**2 + 3. Calculate a(-4).
5
Let d(a) be the first derivative of -a**4/4 + 7*a**3/3 + 2*a + 12. What is d(7)?
2
Let v(l) = -4*l**3 + 2*l**2 - 2*l - 6. Let j(a) = -5*a**3 + 2*a**2 - 2*a - 5. Let r(q) = -7*j(q) + 6*v(q). Determine r(1).
10
Let j(a) be the first derivative of 1/6*a**3 - 1/20*a**5 - 3 - 1/12*a**4 + a - 7/2*a**2. Let h(s) be the first derivative of j(s). Calculate h(0).
-7
Let x(h) = h. Let a be (-3)/(-6) + 14/4. Suppose a*l - 3*l = -1. Give x(l).
-1
Let w(o) = -2*o + 3. Let n(q) be the first derivative of -5*q**2/2 + 7*q + 2. Let y(u) = -3*n(u) + 7*w(u). Suppose -3 - 3 = 2*r. What is y(r)?
-3
Let h(z) = 2 + 3*z**2 + z + 2*z - 2*z**2. Suppose 4*f - 17 = -5, -2*f = 4*v + 6. Give h(v).
2
Suppose -w + 2 + 5 = 0. Suppose q = 5*j + w, -q + 2*j + 3 = j. Let z(s) = -4*s + 3. Determine z(q).
-5
Suppose 0 = 5*v + 15 - 50. Let w(z) = -v*z + 0 + 9*z - 3*z + 1. Determine w(5).
-4
Let g(w) = w**2 + 2*w - 1. Let x(t) = t**2 + 6*t - 6. Let i be x(-7). Calculate g(i).
2
Let q(p) = p - 6. Let g = -24 + 28. Give q(g).
-2
Let x(m) = -7*m. Let j = -214 - -215. Calculate x(j).
-7
Let b(v) = 2*v - 5*v + v + 5*v + 2. What is b(2)?
8
Let h(i) be the third derivative of -i**4/24 - 2*i**3/3 - 13*i**2. Determine h(-4).
0
Let p(u) = u**2 + 4*u + 2. Let j be p(-4). Let d(r) be the first derivative of -r**4/4 + 5*r**3/3 - r**2/2 - 2*r + 8. Calculate d(j).
8
Let n(k) = 4*k**2 + 5*k - 6. Let q(x) = -x**2 - x + 6. Let o(p) = -p**2 - p + 5. Let g(r) = 5*o(r) - 4*q(r). Let y(f) = 5*g(f) + n(f). Determine y(-1).
-2
Let m(b) = b**2 - 6*b - 10. Suppose 0 = -i + 6 + 1. What is m(i)?
-3
Let r(s) = 4*s**3 + 8*s**2 + 2*s + 3. Let i(c) = 7*c**3 + 15*c**2 + 4*c + 7. Let w(t) = 3*i(t) - 5*r(t). Let z be (2/1)/((-4)/10). Calculate w(z).
-4
Suppose -5*l = -0*l + 5. Let o(a) = 4*a**3 + a. Calculate o(l).
-5
Suppose 2*b - 14 = -2. Let o(r) = r**2 - r - 1. Let f be o(2). Let g(p) = -5*p - b - f + 5*p**2 - 3*p**3 + 3 + 2*p**3. Give g(4).
-8
Suppose -14 = 5*o - 54. Le